uppose 28*i - 32*i = -4060. What are the prime factors of i?
5, 7, 29
Suppose -715 = -11*b + 2299. What are the prime factors of b?
2, 137
Let a = -61 + 24. What are the prime factors of (2 - 1)*-1*a?
37
Let i(g) = -20*g - 38. Let q be i(-3). What are the prime factors of (q/4)/(18/900)?
5, 11
What are the prime factors of (2 - -91) + (7 + -5)*-1?
7, 13
Let z = -16 + 18. Let c(d) = -d**z - 4*d**2 - 15*d - 7 + 19 + 4*d**2. What are the prime factors of c(-14)?
2, 13
List the prime factors of (-3310)/(6/(-1) + 4).
5, 331
Suppose -4*v + 23 = 3*d - 0*d, 2*v = 3*d - 11. Suppose 4 = -2*q - 5*t + 179, -v*q + 5*t + 205 = 0. What are the prime factors of q?
5, 19
Let h(p) = 184*p - 1. List the prime factors of h(3).
19, 29
Suppose 0 = -5*i - 2*t + 894, -5*i - 3*t = -2*i - 540. Suppose j - 64 = -l, 3*l - 3*j - j - i = 0. List the prime factors of l.
2, 31
Suppose -5*u = 4*j - 876, -10*j + 6*j - 328 = -2*u. What are the prime factors of u?
2, 43
Let i(a) be the first derivative of -9*a**2 - 5*a - 7. List the prime factors of i(-4).
67
Let m = 15 + -10. Let c = m - 2. Suppose -3*l = 3*p - 24, l = -6*p + c*p + 6. List the prime factors of l.
3
Let y(i) = 18*i**2 - 13*i + 82. What are the prime factors of y(11)?
29, 73
Let q(k) = -42*k**3 + k + 1. Suppose 4*b - 2*r - 8 = -5*r, 13 = 3*b + 4*r. What are the prime factors of q(b)?
2, 3, 7
List the prime factors of -117 + 4528 - 10/(-1).
4421
Let q = 97 - 85. Suppose -100 = -q*z + 7*z. List the prime factors of z.
2, 5
Suppose 0 = 3*m - 226 - 548. List the prime factors of m.
2, 3, 43
Let m(s) = 4*s + 23. Let u be m(-7). Let c(t) = t**2 - t - 2. Let g be c(u). What are the prime factors of -6*g/(-6)*2?
2, 7
Let y(x) = -7*x - 17. Let p(v) = -8*v - 18. Let c(d) = -d - 11. Let a be c(-4). Let i(w) = a*y(w) + 6*p(w). What are the prime factors of i(12)?
23
Suppose -8*q = -4*q + 260. Let p = q + 134. What are the prime factors of p?
3, 23
Let f(w) = 3*w**2 + w - 2. Let b be f(1). Suppose 2*o = -2*n + 106, b*o - n - 123 = -26. List the prime factors of o.
2, 5
Suppose 14*v = 3*r + 11*v - 1551, -2*r + 4*v = -1032. What are the prime factors of r?
2, 7, 37
Let t be -6 + 9 + (-1 - 2). Suppose t*a - 4*a = -276. What are the prime factors of a?
3, 23
Let a(c) = -10*c + 19. Let d be a(-8). Suppose -k = 3*j - 35, -j - d - 80 = -4*k. List the prime factors of k.
2, 11
Let n(x) = -9*x + 3. Suppose 3*f + 13 = -4*a, a - 65 = 5*f - a. What are the prime factors of n(f)?
2, 3, 17
Let r(w) = w**2 + 4*w. Let j be r(-4). Let g be (8/(-2))/(10 + 44/(-4)). Suppose g*y + j - 9 = q, 0 = -4*y + 16. What are the prime factors of q?
7
Let n = -32 - -45. Let q(c) = -c**3 + 14*c**2 - 3*c - 16. What are the prime factors of q(n)?
2, 3, 19
Suppose 0 = r - 4*p - 105, 5*r - 5*p + 66 = 576. Suppose 33 = 3*j + k - 53, 3*j + 4*k = r. List the prime factors of j.
3
Let m = -51 + 51. Suppose 0 = -5*l - 5*d + 535, 4*l - 3*d - 442 = -m*d. List the prime factors of l.
109
Let s = 2742 - 1783. List the prime factors of s.
7, 137
Let h = 2360 + -1285. What are the prime factors of h?
5, 43
Let m(c) = 3*c**2 - 7. Let u be (1 - 0)/((-3)/36*2). List the prime factors of m(u).
101
Let a = 6 + 14. Suppose -a = -4*p + 3*t, 3*p - 26 = 3*t - 8. Suppose -2*o + 143 = 3*f + 22, 0 = 2*f + p*o - 84. What are the prime factors of f?
37
Suppose -9*l + 12 = -5*l. What are the prime factors of ((-54)/(-8) + -6)/(l/8)?
2
Suppose 2232 = 5*f + 3*d, 4*f - 5*d - 424 = 3*f. What are the prime factors of f?
2, 3, 37
What are the prime factors of 40/(-30) - 1875/(-9)?
3, 23
Suppose 3*r = -q + 466, 0 = -5*q + 6*q - 3*r - 490. Let y = q - 279. What are the prime factors of y?
199
Let t(j) = 3*j**2 - 15*j - 12. What are the prime factors of t(-7)?
2, 3, 5
Let h be (2 - 1)/((-9)/(-90)). Suppose h = -5*t, t = -2*d + 2*t + 22. What are the prime factors of d?
2, 5
List the prime factors of 332/(1 - (25/(-5) + 4)).
2, 83
Suppose 8*m = -0*m. Suppose m = f - 40 - 12. List the prime factors of f.
2, 13
Suppose 0 = -15*t + 16*t - 5. Suppose -t*h + 147 = -123. List the prime factors of h.
2, 3
Suppose c + 3*c = 16. Suppose -c*x + 129 = -k, -6 = -5*k + 3*k. What are the prime factors of x?
3, 11
Suppose -2*g + 5736 = -5*n + 7*n, -5730 = -2*n - 5*g. List the prime factors of n.
2, 5, 7, 41
Suppose -6*f - 3*i - 2034 = -10*f, -2*f + 4*i + 1012 = 0. List the prime factors of f.
2, 3, 5, 17
Suppose -66 = -3*r - 5*j + 118, -253 = -4*r + j. Let z(g) = g - 1. Let t be z(6). Suppose t*n - 27 = r. What are the prime factors of n?
2, 3
List the prime factors of 72/(-54)*(-8163)/12.
907
Let y(b) = b**2 + 10*b + 8. Let j be y(-10). List the prime factors of (-1)/(-2) - (-76)/j.
2, 5
Let u = 6330 - 3508. What are the prime factors of u?
2, 17, 83
Let a(u) = u - 496 - 3*u + 494. Let r = -30 - -11. What are the prime factors of a(r)?
2, 3
Let g(b) = -5*b**2 - 3*b + 3. Let f be g(2). Let x = f - -20. List the prime factors of x + 5 + -3 + 8.
7
Let y = 3 - 10. Let a(s) be the third derivative of -s**5/60 - 11*s**4/24 - 5*s**3/2 - 22*s**2. What are the prime factors of a(y)?
13
List the prime factors of 6*6/9 + (-2052)/(-2).
2, 5, 103
Let r(s) = s**3 + 12*s**2 - 27. What are the prime factors of r(11)?
2, 13, 53
Let h = -61 - -66. Suppose 0*t = -t + 3*q + 83, 0 = h*t + 4*q - 320. What are the prime factors of t?
2, 17
Let a be (-227 + 5)*5/(-2). Suppose 5*m - a + 85 = 0. What are the prime factors of m?
2, 47
Suppose 3*m - 4 = 4*m. Let u be (6/m)/(6/(-8)). Suppose 44 = -0*g + u*g. List the prime factors of g.
2, 11
Let r = 27 + -25. Let v(d) = 31*d + 1. List the prime factors of v(r).
3, 7
Let a(v) = 102*v - 698. What are the prime factors of a(48)?
2, 2099
Suppose -4*w + 3*o + 2100 = -0*o, -2*o + 2648 = 5*w. What are the prime factors of w?
2, 3, 11
Suppose 2*o + 6 = 4*o. Let y = 0 + o. What are the prime factors of -44*-1*y/6?
2, 11
Suppose h = -h. Suppose h = -2*p - 0*p. Suppose -4*z + 37 + 47 = p. List the prime factors of z.
3, 7
Let c(k) = -k**2 - 37*k - 65. List the prime factors of c(-18).
277
Suppose 3*l = -2*c - 5, 2*c - 4*l - 8 = 5*c. Let g be 19/5 - c/20. Suppose 0*m + 36 = g*m. List the prime factors of m.
3
Suppose -2*y + 6467 = 5*k - 5*y, -4*y + 2592 = 2*k. What are the prime factors of k?
2, 647
List the prime factors of (4 - (-19)/(-5)) + (-15074)/(-5).
3, 5, 67
Let x be (-4)/6 - (-130)/6. Suppose -17 = w - x. Suppose -z - 4*l + 20 = 0, w*l + 95 = 2*z + l. List the prime factors of z.
2, 5
Suppose 0 = 4*n, -5*n = -f - 3*f + 324. Let w = f + -50. Suppose 31 = o - v, -3*o + 4*o - 2*v = w. List the prime factors of o.
31
Let f(k) = -4*k + 3. Suppose j + 16 = v - 2*v, 32 = -3*v + 5*j. Let h(a) = 9*a - 6. Let c(o) = v*f(o) - 6*h(o). What are the prime factors of c(4)?
2
Let x(o) = -o. Let t be x(-4). Suppose 3*s + 20 = -4*z - 17, -36 = t*s + 2*z. Let h(f) = -f**2 - 11*f - 7. List the prime factors of h(s).
3, 7
Let n(w) = -w**3 - 11*w**2 - 7*w + 28. Let j be n(-10). Let l = -2 + 0. What are the prime factors of -4*(l + 3/j)?
2, 7
Let p = -40 - -243. What are the prime factors of p?
7, 29
Let k be (144/(-60))/((-1)/(-5)). List the prime factors of 3 - 8/k*33.
5
Let b be (-44)/(-10) + (-34)/85. Suppose 0*x - b = q - 2*x, 4*q + 2*x = -26. What are the prime factors of (-1248)/(-30) + q/10?
41
Let f be 1*(-6)/(-9)*45/(-10). Suppose -n = n + 4. List the prime factors of f/n*124/6.
31
Suppose -t + 5*x - 3 = 0, -4*t + 5 = -0*x - 3*x. Suppose -5*h + 1056 = -5*z + z, -436 = -t*h + 5*z. What are the prime factors of h?
2, 13
Let i(r) = r**2 + 2*r - 3. Suppose 5*x - 39 = 2*l, 2*x - 2*l - 12 = -0*x. Let p be i(x). Suppose p = 6*c - 0*c. List the prime factors of c.
2
Let r = 2022 + -3527. Let p(d) = d**2 + d - 65. Let s be p(0). List the prime factors of r/s + (-2)/13.
23
Suppose -d + 44 - 9 = 0. Suppose -4*o = -d - 121. What are the prime factors of o?
3, 13
Let z(f) = f. Suppose 0 = 3*b - 5*m - 0 - 22, -2*b + 3*m + 14 = 0. Let c be z(b). What are the prime factors of (-4 - 0)*(-2)/c?
2
Suppose 8*q = 47*q - 35685. What are the prime factors of q?
3, 5, 61
Suppose -15*g = 9*g - 71016. List the prime factors of g.
11, 269
Let b = -3 + 35. Suppose -f + 2*a = a - 18, -2*f + 4*a + b = 0. What are the prime factors of f?
2, 5
Let s = -86 - -86. Let x = 79 - s. List the prime factors of x.
79
Let s = -8 - -8. Su